	{"id":1183,"date":"2015-08-24T12:57:04","date_gmt":"2015-08-24T11:57:04","guid":{"rendered":"https:\/\/www.roller-rop.fr\/campus\/squales\/?page_id=1183"},"modified":"2015-10-08T12:43:07","modified_gmt":"2015-10-08T11:43:07","slug":"effectif-pre-nationale-2015-2016","status":"publish","type":"page","link":"http:\/\/hockey.roller-rop.fr\/?page_id=1183","title":{"rendered":"Effectif Pr\u00e9-Nationale 2015-2016"},"content":{"rendered":"<div class=\"sportspress\"><h4 class=\"sp-table-caption\">Gardiens<\/h4><div class=\"sp-template sp-template-player-list\"><div class=\"sp-table-wrapper\"><table class=\"sp-player-list sp-data-table sp-sortable-table sp-scrollable-table\" data-sp-rows=\"10\"><thead><tr><th class=\"data-number\">#<\/th><th class=\"data-name\">Joueur<\/th><th class=\"data-j\">J<\/th><th class=\"data-min\">MIN<\/th><th class=\"data-bc\">BC<\/th><th class=\"data-moy\">MOY<\/th><th class=\"data-b\">B<\/th><th class=\"data-p\">P<\/th><th class=\"data-pts\">PTS<\/th><th class=\"data-pen\">PEN<\/th><\/tr><\/thead><tbody><tr class=\"odd\"><td class=\"data-number\" data-label=\"#\">15<\/td><td class=\"data-name\" data-label=\"Joueur\"><a href=\"http:\/\/hockey.roller-rop.fr\/?sp_player=benjamin-valton\">Benjamin Valton<\/a><\/td><td class=\"data-j\" data-label=\"J\">8<\/td><td class=\"data-min\" data-label=\"MIN\">225<\/td><td class=\"data-bc\" data-label=\"BC\">18<\/td><td class=\"data-moy\" data-label=\"MOY\">2.25<\/td><td class=\"data-b\" data-label=\"B\">0<\/td><td class=\"data-p\" data-label=\"P\">0<\/td><td class=\"data-pts\" data-label=\"PTS\">0<\/td><td class=\"data-pen\" data-label=\"PEN\">0<\/td><\/tr><tr class=\"even\"><td class=\"data-number\" data-label=\"#\">36<\/td><td class=\"data-name\" data-label=\"Joueur\"><a href=\"http:\/\/hockey.roller-rop.fr\/?sp_player=sebastien-varrieras\">VARRIERAS S\u00e9bastien<\/a><\/td><td class=\"data-j\" data-label=\"J\">10<\/td><td class=\"data-min\" data-label=\"MIN\">325<\/td><td class=\"data-bc\" data-label=\"BC\">30<\/td><td class=\"data-moy\" data-label=\"MOY\">3.00<\/td><td class=\"data-b\" data-label=\"B\">0<\/td><td class=\"data-p\" data-label=\"P\">0<\/td><td class=\"data-pts\" data-label=\"PTS\">0<\/td><td class=\"data-pen\" data-label=\"PEN\">0<\/td><\/tr><\/tbody><\/table><\/div><\/div><\/div>\n<div class=\"sportspress\"><h4 class=\"sp-table-caption\">Joueurs<\/h4><div class=\"sp-template sp-template-player-list\"><div class=\"sp-table-wrapper\"><table class=\"sp-player-list sp-data-table sp-sortable-table sp-scrollable-table\" data-sp-rows=\"10\"><thead><tr><th class=\"data-number\">#<\/th><th class=\"data-name\">Joueur<\/th><th class=\"data-j\">J<\/th><th class=\"data-b\">B<\/th><th class=\"data-p\">P<\/th><th class=\"data-pts\">PTS<\/th><th class=\"data-pen\">PEN<\/th><\/tr><\/thead><tbody><tr class=\"odd\"><td class=\"data-number\" data-label=\"#\">35<\/td><td class=\"data-name\" data-label=\"Joueur\"><a href=\"http:\/\/hockey.roller-rop.fr\/?sp_player=gildas-le-bozec\">LE BOZEC Gildas<\/a><\/td><td class=\"data-j\" data-label=\"J\">6<\/td><td class=\"data-b\" data-label=\"B\">3<\/td><td class=\"data-p\" data-label=\"P\">1<\/td><td class=\"data-pts\" data-label=\"PTS\">4<\/td><td class=\"data-pen\" data-label=\"PEN\">0<\/td><\/tr><tr class=\"even\"><td class=\"data-number\" data-label=\"#\">15<\/td><td class=\"data-name\" data-label=\"Joueur\"><a href=\"http:\/\/hockey.roller-rop.fr\/?sp_player=stephane-marlin\">St\u00e9phane Marlin<\/a><\/td><td class=\"data-j\" data-label=\"J\">7<\/td><td class=\"data-b\" data-label=\"B\">3<\/td><td class=\"data-p\" data-label=\"P\">1<\/td><td class=\"data-pts\" data-label=\"PTS\">4<\/td><td class=\"data-pen\" data-label=\"PEN\">4<\/td><\/tr><tr class=\"odd\"><td class=\"data-number\" data-label=\"#\">55<\/td><td class=\"data-name\" data-label=\"Joueur\"><a href=\"http:\/\/hockey.roller-rop.fr\/?sp_player=pierre-chretien\">CHRETIEN Pierre<\/a><\/td><td class=\"data-j\" data-label=\"J\">11<\/td><td class=\"data-b\" data-label=\"B\">12<\/td><td class=\"data-p\" data-label=\"P\">6<\/td><td class=\"data-pts\" data-label=\"PTS\">18<\/td><td class=\"data-pen\" data-label=\"PEN\">16<\/td><\/tr><tr class=\"even\"><td class=\"data-number\" data-label=\"#\">26<\/td><td class=\"data-name\" data-label=\"Joueur\"><a href=\"http:\/\/hockey.roller-rop.fr\/?sp_player=arnaud-jaffrennou\">JAFFRENNOU Arnaud<\/a><\/td><td class=\"data-j\" data-label=\"J\">9<\/td><td class=\"data-b\" data-label=\"B\">6<\/td><td class=\"data-p\" data-label=\"P\">6<\/td><td class=\"data-pts\" data-label=\"PTS\">12<\/td><td class=\"data-pen\" data-label=\"PEN\">32<\/td><\/tr><tr class=\"odd\"><td class=\"data-number\" data-label=\"#\">40<\/td><td class=\"data-name\" data-label=\"Joueur\"><a href=\"http:\/\/hockey.roller-rop.fr\/?sp_player=mathieu-jacquet\">Mathieu Jacquet<\/a><\/td><td class=\"data-j\" data-label=\"J\">3<\/td><td class=\"data-b\" data-label=\"B\">4<\/td><td class=\"data-p\" data-label=\"P\">0<\/td><td class=\"data-pts\" data-label=\"PTS\">4<\/td><td class=\"data-pen\" data-label=\"PEN\">4<\/td><\/tr><tr class=\"even\"><td class=\"data-number\" data-label=\"#\">43<\/td><td class=\"data-name\" data-label=\"Joueur\"><a href=\"http:\/\/hockey.roller-rop.fr\/?sp_player=aubin-verdier\">Aubin Verdier<\/a><\/td><td class=\"data-j\" data-label=\"J\">6<\/td><td class=\"data-b\" data-label=\"B\">2<\/td><td class=\"data-p\" data-label=\"P\">3<\/td><td class=\"data-pts\" data-label=\"PTS\">5<\/td><td class=\"data-pen\" data-label=\"PEN\">4<\/td><\/tr><tr class=\"odd\"><td class=\"data-number\" data-label=\"#\">44<\/td><td class=\"data-name\" data-label=\"Joueur\"><a href=\"http:\/\/hockey.roller-rop.fr\/?sp_player=francois-pedaille\">Fran\u00e7ois P\u00e9daill\u00e9<\/a><\/td><td class=\"data-j\" data-label=\"J\">5<\/td><td class=\"data-b\" data-label=\"B\">0<\/td><td class=\"data-p\" data-label=\"P\">1<\/td><td class=\"data-pts\" data-label=\"PTS\">1<\/td><td class=\"data-pen\" data-label=\"PEN\">2<\/td><\/tr><tr class=\"even\"><td class=\"data-number\" data-label=\"#\">55<\/td><td class=\"data-name\" data-label=\"Joueur\"><a href=\"http:\/\/hockey.roller-rop.fr\/?sp_player=clement-maucourt\">Cl\u00e9ment Maucourt<\/a><\/td><td class=\"data-j\" data-label=\"J\">6<\/td><td class=\"data-b\" data-label=\"B\">0<\/td><td class=\"data-p\" data-label=\"P\">3<\/td><td class=\"data-pts\" data-label=\"PTS\">3<\/td><td class=\"data-pen\" data-label=\"PEN\">2<\/td><\/tr><tr class=\"odd\"><td class=\"data-number\" data-label=\"#\">60<\/td><td class=\"data-name\" data-label=\"Joueur\"><a href=\"http:\/\/hockey.roller-rop.fr\/?sp_player=francois-merlot\">Fran\u00e7ois Merlot<\/a><\/td><td class=\"data-j\" data-label=\"J\">2<\/td><td class=\"data-b\" data-label=\"B\">0<\/td><td class=\"data-p\" data-label=\"P\">1<\/td><td class=\"data-pts\" data-label=\"PTS\">1<\/td><td class=\"data-pen\" data-label=\"PEN\">0<\/td><\/tr><tr class=\"even\"><td class=\"data-number\" data-label=\"#\">24<\/td><td class=\"data-name\" data-label=\"Joueur\"><a href=\"http:\/\/hockey.roller-rop.fr\/?sp_player=pierrick-godet\">GODET Pierrick<\/a><\/td><td class=\"data-j\" data-label=\"J\">8<\/td><td class=\"data-b\" data-label=\"B\">11<\/td><td class=\"data-p\" data-label=\"P\">3<\/td><td class=\"data-pts\" data-label=\"PTS\">14<\/td><td class=\"data-pen\" data-label=\"PEN\">20<\/td><\/tr><tr class=\"odd\"><td class=\"data-number\" data-label=\"#\">71<\/td><td class=\"data-name\" data-label=\"Joueur\"><a href=\"http:\/\/hockey.roller-rop.fr\/?sp_player=pascal-crespin\">Pascal Crespin<\/a><\/td><td class=\"data-j\" data-label=\"J\">9<\/td><td class=\"data-b\" data-label=\"B\">3<\/td><td class=\"data-p\" data-label=\"P\">5<\/td><td class=\"data-pts\" data-label=\"PTS\">8<\/td><td class=\"data-pen\" data-label=\"PEN\">16<\/td><\/tr><tr class=\"even\"><td class=\"data-number\" data-label=\"#\">8<\/td><td class=\"data-name\" data-label=\"Joueur\"><a href=\"http:\/\/hockey.roller-rop.fr\/?sp_player=nicolas-grenier\">Nicolas Grenier<\/a><\/td><td class=\"data-j\" data-label=\"J\">10<\/td><td class=\"data-b\" data-label=\"B\">7<\/td><td class=\"data-p\" data-label=\"P\">4<\/td><td class=\"data-pts\" data-label=\"PTS\">11<\/td><td class=\"data-pen\" data-label=\"PEN\">0<\/td><\/tr><tr class=\"odd\"><td class=\"data-number\" data-label=\"#\">13<\/td><td class=\"data-name\" data-label=\"Joueur\"><a href=\"http:\/\/hockey.roller-rop.fr\/?sp_player=thomas-germond\">GERMOND Thomas<\/a><\/td><td class=\"data-j\" data-label=\"J\">9<\/td><td class=\"data-b\" data-label=\"B\">19<\/td><td class=\"data-p\" data-label=\"P\">9<\/td><td class=\"data-pts\" data-label=\"PTS\">28<\/td><td class=\"data-pen\" data-label=\"PEN\">26<\/td><\/tr><\/tbody><\/table><\/div><\/div><\/div>\n","protected":false},"excerpt":{"rendered":"","protected":false},"author":1,"featured_media":2173,"parent":0,"menu_order":0,"comment_status":"open","ping_status":"open","template":"","meta":[],"_links":{"self":[{"href":"http:\/\/hockey.roller-rop.fr\/index.php?rest_route=\/wp\/v2\/pages\/1183"}],"collection":[{"href":"http:\/\/hockey.roller-rop.fr\/index.php?rest_route=\/wp\/v2\/pages"}],"about":[{"href":"http:\/\/hockey.roller-rop.fr\/index.php?rest_route=\/wp\/v2\/types\/page"}],"author":[{"embeddable":true,"href":"http:\/\/hockey.roller-rop.fr\/index.php?rest_route=\/wp\/v2\/users\/1"}],"replies":[{"embeddable":true,"href":"http:\/\/hockey.roller-rop.fr\/index.php?rest_route=%2Fwp%2Fv2%2Fcomments&post=1183"}],"version-history":[{"count":4,"href":"http:\/\/hockey.roller-rop.fr\/index.php?rest_route=\/wp\/v2\/pages\/1183\/revisions"}],"predecessor-version":[{"id":2195,"href":"http:\/\/hockey.roller-rop.fr\/index.php?rest_route=\/wp\/v2\/pages\/1183\/revisions\/2195"}],"wp:featuredmedia":[{"embeddable":true,"href":"http:\/\/hockey.roller-rop.fr\/index.php?rest_route=\/wp\/v2\/media\/2173"}],"wp:attachment":[{"href":"http:\/\/hockey.roller-rop.fr\/index.php?rest_route=%2Fwp%2Fv2%2Fmedia&parent=1183"}],"curies":[{"name":"wp","href":"https:\/\/api.w.org\/{rel}","templated":true}]}}