	{"id":2042,"date":"2015-09-14T10:32:36","date_gmt":"2015-09-14T09:32:36","guid":{"rendered":"http:\/\/hockey.www.roller-rop.fr\/?page_id=2042"},"modified":"2023-07-29T01:41:33","modified_gmt":"2023-07-29T00:41:33","slug":"archives","status":"publish","type":"page","link":"https:\/\/hockey.roller-rop.fr\/?page_id=2042","title":{"rendered":"Archives"},"content":{"rendered":"<p><strong>Saison 2021-2022<\/strong><\/p>\n<ul>\n<li>Nationale3\n<ul>\n<li><a title=\"Effectif Nationale 3 2021-2022\" href=\"http:\/\/hockey.roller-rop.fr\/?page_id=3651\">Effectif<\/a><\/li>\n<li><a title=\"R\u00e9sultats Nationale 3 2021-2022\" href=\"http:\/\/hockey.roller-rop.fr\/?page_id=3633\">R\u00e9sultats<\/a><\/li>\n<li><a title=\"Classement Nationale 3 2021-2022\" href=\"http:\/\/hockey.roller-rop.fr\/?page_id=3635\">Classement<\/a><\/li>\n<\/ul>\n<\/li>\n<\/ul>\n<ul>\n<li>Pr\u00e9-National\n<ul>\n<li><a title=\"Effectif Pr\u00e9-National 2021-2022\" href=\"http:\/\/hockey.roller-rop.fr\/?page_id=3653\">Effectif<\/a><\/li>\n<li><a title=\"R\u00e9sultats Pr\u00e9-National 2021-2022\" href=\"http:\/\/hockey.roller-rop.fr\/?page_id=3629\">R\u00e9sultats<\/a><\/li>\n<li><a title=\"Classement Pr\u00e9-National 2021-2022\" href=\"http:\/\/hockey.roller-rop.fr\/?page_id=3630\">Classement<\/a><\/li>\n<\/ul>\n<\/li>\n<\/ul>\n<ul>\n<li>U 17\n<ul>\n<li><a title=\"Effectif U 17 saison 2021-2020\" href=\"http:\/\/hockey.roller-rop.fr\/?page_id=3719\">Effectif<\/a><\/li>\n<li><a title=\"R\u00e9sultats U 17 2021-2022\" href=\"http:\/\/hockey.roller-rop.fr\/?page_id=3714\">R\u00e9sultats<\/a><\/li>\n<li><a title=\"Classement U 17 2021-2022\" href=\"http:\/\/hockey.roller-rop.fr\/?page_id=3713\">Classement<\/a><\/li>\n<\/ul>\n<\/li>\n<\/ul>\n<p><strong>Saison 2019-2020<\/strong><\/p>\n<ul>\n<li>Pr\u00e9-National\n<ul>\n<li><a title=\"Effectif Pr\u00e9-National 2019-2020\" href=\"http:\/\/hockey.roller-rop.fr\/?page_id=3221\">Effectif<\/a><\/li>\n<li><a title=\"R\u00e9sultats Pr\u00e9-National 2019-2020\" href=\"http:\/\/hockey.roller-rop.fr\/?page_id=3202\">R\u00e9sultats<\/a><\/li>\n<li><a title=\"Classement Pr\u00e9-National 2019-2020\" href=\"http:\/\/hockey.roller-rop.fr\/?page_id=3204\">Classement<\/a><\/li>\n<\/ul>\n<\/li>\n<\/ul>\n<ul>\n<li>U 17\n<ul>\n<li><a title=\"Effectif U 17 saison 2019-2020\" href=\"http:\/\/hockey.roller-rop.fr\/?page_id=3210\">Effectif<\/a><\/li>\n<li><a title=\"R\u00e9sultats U 17 2019-2020\" href=\"http:\/\/hockey.roller-rop.fr\/?page_id=3194\">R\u00e9sultats<\/a><\/li>\n<li><a title=\"Classement U 17 2019-2020\" href=\"http:\/\/hockey.roller-rop.fr\/?page_id=3197\">Classement<\/a><\/li>\n<\/ul>\n<\/li>\n<\/ul>\n<ul>\n<li>U 15\n<ul>\n<li><a title=\"Effectif U 15 saison 2019-2020\" href=\"http:\/\/hockey.roller-rop.fr\/?page_id=3023\">Effectif<\/a><\/li>\n<li><a title=\"R\u00e9sultats U 15 2019-2020\" href=\"http:\/\/hockey.roller-rop.fr\/?page_id=3080\">R\u00e9sultats<\/a><\/li>\n<li><a title=\"Classement U 15 2019-2020\" href=\"http:\/\/hockey.roller-rop.fr\/?page_id=3075\">Classement<\/a><\/li>\n<\/ul>\n<\/li>\n<\/ul>\n<ul>\n<li>U 13\n<ul>\n<li><a title=\"Effectif U 13 saison 2019-2020\" href=\"http:\/\/hockey.roller-rop.fr\/?page_id=3034\">Effectif<\/a><\/li>\n<li><a title=\"R\u00e9sultats U 13 2019-2020\" href=\"http:\/\/hockey.roller-rop.fr\/?page_id=3304\">R\u00e9sultats<\/a><\/li>\n<li><a title=\"Classement U 13 2019-2020\" href=\"http:\/\/hockey.roller-rop.fr\/?page_id=3289\">Classement<\/a><\/li>\n<\/ul>\n<\/li>\n<\/ul>\n<ul>\n<li>U 11\n<ul>\n<li><a title=\"Effectif U 11 saison 2019-2020\" href=\"http:\/\/hockey.roller-rop.fr\/?page_id=3046\">Effectif<\/a><\/li>\n<li><a title=\"R\u00e9sultats U 11 2019-2020\" href=\"http:\/\/hockey.roller-rop.fr\/?page_id=3079\">R\u00e9sultats<\/a><\/li>\n<li><a title=\"Classement U 11 2019-2020\" href=\"http:\/\/hockey.roller-rop.fr\/?page_id=3053\">Classement<\/a><\/li>\n<\/ul>\n<\/li>\n<\/ul>\n<p><strong>Saison 2018-2019<\/strong><\/p>\n<ul>\n<li>Nationale 3\n<ul>\n<li><a title=\"Effectif Nationale 3 2018-2019\" href=\"http:\/\/hockey.roller-rop.fr\/?page_id=2795\">Effectif<\/a><\/li>\n<li><a title=\"R\u00e9sultats Nationale 3 2018-2019\" href=\"http:\/\/hockey.roller-rop.fr\/?page_id=2793\">R\u00e9sultats<\/a><\/li>\n<li><a title=\"Classement Nationale 3 2018-2019\" href=\"http:\/\/hockey.roller-rop.fr\/?page_id=2797\">Classement<\/a><\/li>\n<\/ul>\n<\/li>\n<\/ul>\n<ul>\n<li>U 17\n<ul>\n<li><a title=\"Effectif U 17 saison 2018-2019\" href=\"http:\/\/hockey.roller-rop.fr\/?page_id=2886\">Effectif<\/a><\/li>\n<li><a title=\"R\u00e9sultats U 17 2018-2019\" href=\"http:\/\/hockey.roller-rop.fr\/?page_id=2880\">R\u00e9sultats<\/a><\/li>\n<li><a title=\"Classement U 17 2018-2019\" href=\"http:\/\/hockey.roller-rop.fr\/?page_id=2884\">Classement<\/a><\/li>\n<\/ul>\n<\/li>\n<\/ul>\n<p><strong>Saison 2015-2016<\/strong><\/p>\n<ul>\n<li>Nationale 3\n<ul>\n<li><a title=\"Effectif Nationale 3 2015-2016\" href=\"http:\/\/hockey.roller-rop.fr\/?page_id=1014\">Effectif<\/a><\/li>\n<li><a title=\"R\u00e9sultats Nationale 3 2015-2016\" href=\"http:\/\/hockey.roller-rop.fr\/?page_id=1313\">R\u00e9sultats<\/a><\/li>\n<li><a title=\"Classement Nationale 3 2015-2016\" href=\"http:\/\/hockey.roller-rop.fr\/?page_id=1314\">Classement<\/a><\/li>\n<\/ul>\n<\/li>\n<\/ul>\n<ul>\n<li>Pr\u00e9-Nationale\n<ul>\n<li><a title=\"Effectif Pr\u00e9-Nationale 2015-2016\" href=\"http:\/\/hockey.roller-rop.fr\/?page_id=1183\">Effectif<\/a><\/li>\n<li><a title=\"R\u00e9sultats Pr\u00e9-Nationale 2015-2016\" href=\"http:\/\/hockey.roller-rop.fr\/?page_id=2167\">R\u00e9sultats<\/a><\/li>\n<li><a title=\"Classement Pr\u00e9-Nationale 2015-2016\" href=\"http:\/\/hockey.roller-rop.fr\/?page_id=1189\">Classement<\/a><\/li>\n<\/ul>\n<\/li>\n<li>Benjamins\n<ul>\n<li><a title=\"Effectif Benjamins 2015-2016\" href=\"http:\/\/hockey.roller-rop.fr\/?page_id=2298\">Effectif<\/a><\/li>\n<li><a title=\"R\u00e9sultats Benjamins 2015-2016\" href=\"http:\/\/hockey.roller-rop.fr\/?page_id=2255\">R\u00e9sultats<\/a><\/li>\n<li><a title=\"Classement Benjamins 2015-2016\" href=\"http:\/\/hockey.roller-rop.fr\/?page_id=2253\">Classement<\/a><\/li>\n<\/ul>\n<\/li>\n<\/ul>\n<p><strong>Saison 2014-2015<\/strong><\/p>\n<ul>\n<li>Nationale 3\n<ul>\n<li><a title=\"Effectif Nationale 3 2014-2015\" href=\"http:\/\/hockey.roller-rop.fr\/?page_id=241\">Effectif<\/a><\/li>\n<li><a title=\"R\u00e9sultats Nationale 3 2014-2015\" href=\"http:\/\/hockey.roller-rop.fr\/?page_id=245\">R\u00e9sultats<\/a><\/li>\n<li><a title=\"Classements Nationale 3 2014-2015\" href=\"http:\/\/hockey.roller-rop.fr\/?page_id=250\">Classements<\/a><\/li>\n<\/ul>\n<\/li>\n<\/ul>\n<ul>\n<li>Pr\u00e9-Nationale\n<ul>\n<li><a title=\"Effectif Pr\u00e9-Nationale 2014-2015\" href=\"http:\/\/hockey.roller-rop.fr\/?page_id=2056\">Effectif<\/a><\/li>\n<li><a title=\"R\u00e9sultats Pr\u00e9-Nationale 2014-2015\" href=\"http:\/\/hockey.roller-rop.fr\/?page_id=2077\">R\u00e9sultats<\/a><\/li>\n<li><a title=\"Classement Pr\u00e9-Nationale 2014-2015\" href=\"http:\/\/hockey.roller-rop.fr\/?page_id=2088\">Classement<\/a><\/li>\n<\/ul>\n<\/li>\n<\/ul>\n<p><strong>Saison 2013-2014<\/strong><\/p>\n<ul>\n<li>Nationale 3\n<ul>\n<li><a title=\"Effectif Nationale 3 2013-2014\" href=\"http:\/\/hockey.roller-rop.fr\/?page_id=2052\">Effectif<\/a><\/li>\n<li><a title=\"R\u00e9sultats Nationale 3 2013-2014\" href=\"http:\/\/hockey.roller-rop.fr\/?page_id=2068\">R\u00e9sultats<\/a><\/li>\n<li><a title=\"Classements Nationale 3 2013-2014\" href=\"http:\/\/hockey.roller-rop.fr\/?page_id=2097\">Classements<\/a><\/li>\n<\/ul>\n<\/li>\n<\/ul>\n<ul>\n<li>Pr\u00e9-Nationale\n<ul>\n<li><a title=\"Effectif Pr\u00e9-Nationale 2013-2014\" href=\"http:\/\/hockey.roller-rop.fr\/?page_id=2062\">Effectif<\/a><\/li>\n<li><a title=\"R\u00e9sultats Pr\u00e9-Nationale 2013-2014\" href=\"http:\/\/hockey.roller-rop.fr\/?page_id=2081\">R\u00e9sultats<\/a><\/li>\n<li><a title=\"Classement Pr\u00e9-Nationale 2013-2014\" href=\"http:\/\/hockey.roller-rop.fr\/?page_id=2084\">Classement<\/a><\/li>\n<\/ul>\n<\/li>\n<\/ul>\n<p><strong>Saison 2012-2013<\/strong><\/p>\n<ul>\n<li>Nationale 3\n<ul>\n<li><a title=\"Effectif Nationale 3 2012-2013\" href=\"http:\/\/hockey.roller-rop.fr\/?page_id=2046\">Effectif<\/a><\/li>\n<li><a title=\"R\u00e9sultats Nationale 3 2012-2013\" href=\"http:\/\/hockey.roller-rop.fr\/?page_id=2073\">R\u00e9sultats<\/a><\/li>\n<li><a title=\"Classements Nationale 3 2012-2013\" href=\"http:\/\/hockey.roller-rop.fr\/?page_id=2104\">Classements<\/a><\/li>\n<\/ul>\n<\/li>\n<\/ul>\n","protected":false},"excerpt":{"rendered":"<p>Saison 2021-2022 Nationale3 Effectif R\u00e9sultats Classement Pr\u00e9-National Effectif R\u00e9sultats Classement U 17 Effectif R\u00e9sultats Classement Saison 2019-2020 Pr\u00e9-National Effectif R\u00e9sultats Classement U 17 Effectif R\u00e9sultats Classement U 15 Effectif R\u00e9sultats Classement U 13 Effectif R\u00e9sultats Classement U 11 Effectif R\u00e9sultats Classement Saison 2018-2019 Nationale 3 Effectif R\u00e9sultats Classement U 17 Effectif R\u00e9sultats Classement Saison 2015-2016 [&hellip;]<\/p>\n","protected":false},"author":199,"featured_media":0,"parent":0,"menu_order":0,"comment_status":"open","ping_status":"open","template":"","meta":[],"_links":{"self":[{"href":"https:\/\/hockey.roller-rop.fr\/index.php?rest_route=\/wp\/v2\/pages\/2042"}],"collection":[{"href":"https:\/\/hockey.roller-rop.fr\/index.php?rest_route=\/wp\/v2\/pages"}],"about":[{"href":"https:\/\/hockey.roller-rop.fr\/index.php?rest_route=\/wp\/v2\/types\/page"}],"author":[{"embeddable":true,"href":"https:\/\/hockey.roller-rop.fr\/index.php?rest_route=\/wp\/v2\/users\/199"}],"replies":[{"embeddable":true,"href":"https:\/\/hockey.roller-rop.fr\/index.php?rest_route=%2Fwp%2Fv2%2Fcomments&post=2042"}],"version-history":[{"count":32,"href":"https:\/\/hockey.roller-rop.fr\/index.php?rest_route=\/wp\/v2\/pages\/2042\/revisions"}],"predecessor-version":[{"id":2989,"href":"https:\/\/hockey.roller-rop.fr\/index.php?rest_route=\/wp\/v2\/pages\/2042\/revisions\/2989"}],"wp:attachment":[{"href":"https:\/\/hockey.roller-rop.fr\/index.php?rest_route=%2Fwp%2Fv2%2Fmedia&parent=2042"}],"curies":[{"name":"wp","href":"https:\/\/api.w.org\/{rel}","templated":true}]}}